 -5*i - 2*n + 175, -y*i + 5*n + 123 = 0. Let d(p) = -p**3 + 3*p**2 + 5*p - 2. Calculate the remainder when i is divided by d(3).
11
Suppose -2*x - 7*n + 93 = -2*n, 0 = 3*x + n - 120. Calculate the remainder when x is divided by 14.
11
What is the remainder when 112 is divided by (4 - (-105)/10)*2?
25
Suppose d = 2*d. Suppose 2*t = -l - d*l + 24, -2*t = -5*l - 48. What is the remainder when t is divided by 4?
2
Let k be 138/8 - (-3)/(-12). Let g = k - 25. Let z = -1 - g. What is the remainder when z is divided by 3?
1
Let m(l) = l + 7. Let x be 28/6*(-15)/(-10). Suppose -x = -3*y - 4. Calculate the remainder when m(-5) is divided by y.
0
Let f(o) = o**2 - 9*o - 6. Let d be f(9). Let x(p) = -p**3 - 6*p**2 - 3*p - 3. Let b = -35 + 64. Calculate the remainder when b is divided by x(d).
14
Let j be (-584)/(-14) - 4/(-14). Let u = j + -29. What is the remainder when u is divided by (-1 - -4) + 0 + 4?
6
Let m = 4 - -5. What is the remainder when 15 is divided by m?
6
Suppose -2*n + 16 = p, -4*n - 4*p = -0*n - 40. What is the remainder when 16 is divided by n?
4
Suppose 0 = -4*j + j + 6, -2*f + 18 = 5*j. Suppose -f*d + 5*d = 0. Suppose -5*a + a + 24 = d. Calculate the remainder when 17 is divided by a.
5
Let s(h) = -27*h - 27. Calculate the remainder when s(-7) is divided by 33.
30
Suppose 5*d - 2*d - 9 = 0. Let h = 6 - d. Calculate the remainder when 3 is divided by h.
0
Let o be (2/(-4))/(1/(-14)). Let k = o + -5. What is the remainder when 3 is divided by k?
1
Suppose 94 - 7 = 3*n. Suppose 22 = 2*p + 4*a - 6, a = -p + 12. Calculate the remainder when n is divided by p.
9
Let s be 0/((0 - 1)/1). Suppose s*l - 31 = -l. Suppose -54 = -4*w + 2*n - 7*n, w + 4*n = 19. Calculate the remainder when l is divided by w.
9
Suppose 0 = 2*t - 5*h + 621, -t + h - 365 = -56. Let g(p) = p**2 - 5*p. Let k be g(3). What is the remainder when t/(-12) - (-4)/k is divided by 9?
7
Let a = -50 + 105. Calculate the remainder when 328 is divided by a.
53
Let o = -8 + 11. Suppose 2*t = o*t - 10. What is the remainder when 27 is divided by t?
7
Suppose y - 2*a + 78 + 10 = 0, 3*y - 5*a + 268 = 0. Let s = -36 - y. What is the remainder when 18 is divided by (9/(-6))/((-9)/s)?
8
Let w(p) = p**2 + 3*p + 11. Suppose 0*o + 2*o = -18. Calculate the remainder when w(o) is divided by 22.
21
Let v(g) = 1 + 3 + 0*g - 4*g**2 + 3*g - 3*g**2 + g**3. Calculate the remainder when v(7) is divided by 13.
12
Suppose 3*j + 5*z - 14 = 9, 5*z = -5*j + 45. Suppose 0 = 3*h + 5*b - 45, h + 3*b - j = -0*h. What is the remainder when h is divided by 11?
9
Let u = -49 - -227. Calculate the remainder when u is divided by 45.
43
Suppose 0 = -i - 0 + 3. Suppose i*n - 33 = 6. Suppose 5 + 16 = 3*s. Calculate the remainder when n is divided by s.
6
Suppose -490 = 4*o - y + 3*y, -y = 5. Let j = -42 - o. Let q = -54 + j. What is the remainder when q is divided by 13?
11
Let f(h) = h**3 - 11*h**2 + 12*h - 1. Calculate the remainder when 75 is divided by f(10).
18
Suppose 0 = 4*g + 6*v - v - 215, -3*v = g - 52. What is the remainder when g is divided by 14?
13
Let y = 0 + 3. Let i(n) = -n**3 + 3*n**2 + 2. Let a be i(y). Suppose 99 = a*b + 37. Calculate the remainder when b is divided by 16.
15
Let n(i) = 4*i - 17. Calculate the remainder when n(13) is divided by 4/(-10) - (-92)/5.
17
Let n be (-2)/(-11) + (-24)/11. What is the remainder when n + (2 - 3)*-26 is divided by 9?
6
Let h(y) = -y**2 - 7*y + 1. Suppose -8*v = -6*v - 6. Suppose -1 - 7 = -v*b - 2*d, 6 = 4*b - 2*d. What is the remainder when b is divided by h(-7)?
0
Let c = -44 + 18. Let w = 18 - 33. Let a = w - c. What is the remainder when 31 is divided by a?
9
Let o be 6 - -1*(0 + -3). Let l(g) = 7*g - 4. What is the remainder when 33 is divided by l(o)?
16
Let i = -20 - -49. What is the remainder when i is divided by 16?
13
Let h(u) = -u**2 + 1. Let t be h(0). Let a be (-14*1/2)/t. Calculate the remainder when 131/7 + (-2)/a is divided by 7.
5
Calculate the remainder when 129 is divided by (23 - 1) + 4 + 0 + -4.
19
Suppose -5*l - 4*s = -325, -2*l + 5*s = 3*s - 112. Calculate the remainder when l is divided by (5 - 3)/((-2)/(-16)).
13
Suppose -3*n + h = 6*h - 43, 3*n = 2*h + 71. What is the remainder when 40 is divided by n?
19
Suppose -s + 26 = -4. What is the remainder when 59 is divided by s?
29
Suppose -3*h + 7 + 29 = 0. Suppose 6*i - h = 2*i. Calculate the remainder when 1 - 2*-1*2 is divided by i.
2
Let c(h) = -h**3 - 6*h**2 - 2*h - 5. Let n be c(-5). Calculate the remainder when ((-54)/(-15))/((-3)/n) is divided by 13.
11
Let z = -7 - -98. What is the remainder when z is divided by 23?
22
Suppose -3*f = 2*f - 1085. Suppose -2*i + 82 = -2*x, -3*x = -5*i - 4*x + f. What is the remainder when i is divided by 15?
13
Let z(w) = -2*w**3 - 4*w**2 - 4*w - 2. Let b be z(-2). Calculate the remainder when 58/b - (-10)/(-15) is divided by 5.
4
Calculate the remainder when 21 is divided by 38/5 + 14/35.
5
Suppose -102 = -5*n + 628. Calculate the remainder when 95 is divided by 1/(-3) + n/6.
23
Let k be 11*8/4 + -1. What is the remainder when 98 is divided by 519/k - 6/(-21)?
23
Let q(j) be the third derivative of j**5/60 - j**3/3 + 20*j**2. Let a(n) = -n**2 + 4*n. Let b be a(3). Calculate the remainder when 12 is divided by q(b).
5
What is the remainder when 6 is divided by 4 - ((-4)/(-2) + -2)?
2
Suppose -2*g + 3*x + 72 = 0, -g + 2*g + 5*x = 62. What is the remainder when 53 is divided by g/(-1)*(-3)/9?
11
Let z(r) = -r**2 - 7*r - 3. Let l be z(-6). Suppose -3*p - 5*h = -31, -27 = -5*p + l*h + h. Calculate the remainder when 20 is divided by p.
6
Suppose 0 = -3*a + u + 70, 4*a - 5*u - 108 = -0*a. What is the remainder when 61 is divided by a?
17
Suppose -46 = 2*a - 4*a. What is the remainder when a is divided by 8?
7
Suppose 2*f + 0*f = 2. Let p be 3/(((-21)/(-10))/7). Let q = p + f. Calculate the remainder when 21 is divided by q.
10
Suppose -4*n = -5*o, 0 = 3*n - 8*n - 3*o + 37. Calculate the remainder when 19 is divided by n.
4
Suppose -2*y - n = -9, -5*y + 2*y + 3*n = -9. Calculate the remainder when 50/(3*y/6) is divided by 14.
11
Suppose 5*t - 3*b - 31 = -2*b, 4*b = -3*t + 37. Calculate the remainder when 20 is divided by t.
6
Let d(v) = -5*v - 4. Let j = -8 - -3. Suppose 206 = -13*m + 739. What is the remainder when m is divided by d(j)?
20
Let u(m) = m**2 - 23*m - 61. Calculate the remainder when 38 is divided by u(26).
4
Suppose 0 = i + 54 - 5. Suppose n = -4*h - 138, 3*h = n + 2*n - 96. Let s = h - i. Calculate the remainder when 43 is divided by s.
13
Suppose 0 = -3*a, 20 = 5*g + 5*a - 10. Let s = 18 + 3. Calculate the remainder when s is divided by g/4*6 + -1.
5
What is the remainder when 82 is divided by 84/(-10)*20/(-6)?
26
Calculate the remainder when 123 is divided by (-309)/(-15) + 5*10/125.
18
Let m(u) = u**3 - 12*u**2 + 9*u - 2. Let j be m(11). What is the remainder when 49 is divided by -2*(-4)/j*-78?
23
Let n(o) = -2*o**2 + 14*o + 51. Let m be -3 + -2*(2 + -3). What is the remainder when n(9) is divided by (-9)/(0 + 1)*m?
6
Suppose -3*m - 2*m = -315. Calculate the remainder when m is divided by 98/(-28)*96/(-21).
15
Suppose 4*o - 2 = 2*o. Suppose -2*f = -3*h + 2*f + 9, 3*h - 3*f = 9. Suppose 5 = h*m + 2*m. Calculate the remainder when o is divided by m.
0
Let f be ((-12)/(-10))/((-9)/(-30)). Suppose -f*r = j - 109, 4*r + 2*j - 3*j = 99. Let i = -4 + 13. What is the remainder when r is divided by i?
8
Let v(n) = -2*n + 1. Calculate the remainder when 123 is divided by v(-12).
23
Suppose 0 = 3*u + 5*g - 80 - 25, -3*g + 140 = 4*u. What is the remainder when 33 is divided by (-2)/4 + u/2?
16
Let x be 15 - (-3)/(12/(-4)). Let i = 2 + x. What is the remainder when 61 is divided by i?
13
Let b = 5 - -1. Let c = -10 + b. Calculate the remainder when (-2 - c)/(4/6) is divided by 2.
1
Let f(h) = -h + 9. Let p be f(4). Suppose -p*z + 4*r + 164 = 0, 3*z = -0*r + r + 104. Calculate the remainder when z is divided by 19.
17
Suppose -3*o - 2*o + 60 = 0. Suppose -i - n = -o, n = -i - 3*n + 18. What is the remainder when (-3)/(-9) - 83/(-3) is divided by i?
8
Let d be 164/1 + (2 - -1). Let z = -113 + d. What is the remainder when z is divided by 14?
12
Let s be ((-9)/(-6))/(6/8). Suppose 6*l - s*l = 72. What is the remainder when 52 is divided by l?
